 common factor of 152 and 88.
8
What is the highest common divisor of 64 and 8000?
64
What is the highest common divisor of 3479 and 49?
49
What is the highest common factor of 2763 and 54?
9
What is the greatest common divisor of 10 and 8?
2
Calculate the highest common divisor of 77 and 88.
11
Calculate the greatest common factor of 2 and 50.
2
Calculate the greatest common factor of 729 and 162.
81
What is the greatest common divisor of 11634 and 168?
42
Calculate the highest common divisor of 781 and 142.
71
What is the highest common divisor of 1558 and 38?
38
What is the greatest common divisor of 21 and 189?
21
What is the highest common divisor of 386 and 16?
2
What is the greatest common divisor of 380 and 130?
10
What is the greatest common divisor of 433 and 2?
1
Calculate the greatest common factor of 595 and 35.
35
What is the greatest common factor of 143 and 2717?
143
What is the greatest common divisor of 340 and 200?
20
Calculate the highest common divisor of 76 and 12.
4
What is the greatest common factor of 804 and 204?
12
Calculate the highest common factor of 2691 and 1035.
207
Calculate the greatest common factor of 9 and 657.
9
Calculate the highest common factor of 2208 and 32.
32
What is the highest common factor of 704 and 3008?
64
What is the greatest common divisor of 33 and 122727?
33
Calculate the greatest common divisor of 129 and 375.
3
What is the highest common divisor of 5248 and 4264?
328
What is the greatest common factor of 225 and 825?
75
What is the greatest common factor of 46 and 23?
23
What is the greatest common divisor of 95 and 475?
95
What is the highest common factor of 47685 and 165?
165
Calculate the greatest common divisor of 176 and 112.
16
What is the greatest common divisor of 943 and 164?
41
What is the highest common divisor of 216 and 1476?
36
What is the highest common factor of 16 and 256?
16
Calculate the greatest common divisor of 14 and 406.
14
What is the highest common factor of 1020 and 270?
30
What is the highest common factor of 69 and 483?
69
What is the highest common factor of 29 and 3509?
29
What is the highest common factor of 95 and 247?
19
Calculate the highest common factor of 28 and 182.
14
What is the highest common factor of 518 and 112?
14
What is the greatest common factor of 315 and 385?
35
Calculate the highest common divisor of 205 and 5.
5
Calculate the highest common divisor of 198 and 330.
66
What is the greatest common divisor of 48 and 17328?
48
Calculate the greatest common divisor of 26 and 169.
13
Calculate the greatest common divisor of 408 and 48.
24
Calculate the greatest common factor of 380 and 9728.
76
What is the highest common divisor of 130 and 260?
130
What is the highest common factor of 7 and 22225?
7
What is the greatest common factor of 28 and 49?
7
Calculate the highest common factor of 51 and 136.
17
Calculate the highest common divisor of 57 and 38.
19
Calculate the highest common divisor of 244 and 5002.
122
What is the highest common factor of 1281 and 21?
21
Calculate the highest common factor of 65 and 4693.
13
Calculate the greatest common factor of 45664 and 32.
32
What is the highest common factor of 2096 and 80?
16
Calculate the highest common factor of 3477 and 399.
57
What is the highest common divisor of 837 and 81?
27
What is the greatest common factor of 40 and 424?
8
What is the greatest common divisor of 34 and 16898?
34
What is the greatest common divisor of 4 and 1600?
4
What is the greatest common divisor of 340 and 320?
20
Calculate the highest common factor of 5546 and 94.
94
Calculate the greatest common factor of 14 and 2198.
14
What is the highest common factor of 8164 and 156?
52
Calculate the greatest common factor of 4 and 604.
4
What is the greatest common factor of 108 and 144?
36
What is the greatest common factor of 24 and 1120?
8
Calculate the greatest common divisor of 758 and 2.
2
What is the greatest common factor of 1 and 19?
1
What is the highest common divisor of 4901 and 507?
169
Calculate the highest common factor of 246 and 5986.
82
Calculate the greatest common divisor of 1296 and 990.
18
What is the highest common divisor of 66 and 44?
22
Calculate the highest common divisor of 24 and 402.
6
Calculate the greatest common factor of 155 and 15.
5
Calculate the greatest common divisor of 600 and 10.
10
What is the highest common factor of 54 and 864?
54
Calculate the highest common factor of 92 and 989.
23
Calculate the highest common factor of 117 and 38844.
117
What is the greatest common factor of 18430 and 950?
190
What is the highest common divisor of 14 and 1?
1
What is the highest common divisor of 1037 and 122?
61
What is the greatest common factor of 5 and 15?
5
Calculate the greatest common divisor of 11019 and 3.
3
What is the highest common divisor of 30 and 78?
6
What is the highest common divisor of 48 and 20136?
24
Calculate the highest common factor of 25 and 600.
25
What is the greatest common factor of 64 and 272?
16
What is the highest common factor of 2162 and 46?
46
What is the greatest common factor of 114 and 646?
38
What is the greatest common divisor of 59 and 8?
1
What is the greatest common divisor of 460 and 299?
23
Calculate the highest common factor of 77507 and 179.
179
Calculate the highest common factor of 72 and 120.
24
What is the highest common divisor of 5464 and 8?
8
What is the greatest common divisor of 275 and 3?
1
Calculate the highest common factor of 54 and 1917.
27
What is the greatest common factor of 8 and 72?
8
What is the greatest common factor of 7 and 2681?
7
What is the highest common divisor of 12544 and 392?
392
Calculate the greatest common factor of 9084 and 48.
12
Calculate the greatest common factor of 15 and 35.
5
What is the highest common factor of 26 and 4082?
26
Calculate the highest common divisor of 256 and 3472.
16
What is the highest common factor of 1053 and 18?
9
What is the highest common factor of 10 and 1370?
10
What is the greatest common divisor of 54 and 90?
18
What is the greatest common factor of 1261 and 1105?
13
Calculate the greatest common factor of 350 and 125.
25
What is the greatest common factor of 22 and 14806?
22
Calculate the highest common divisor of 22 and 1562.
22
What is the greatest common factor of 7390 and 10?
10
Calculate the greatest common divisor of 150 and 11175.
75
What is the greatest common factor of 3225 and 1050?
75
What is the greatest common factor of 104 and 32?
8
What is the highest common divisor of 36 and 24?
12
Calculate the greatest common divisor of 19 and 76.
19
Calculate the highest common factor of 2360 and 354.
118
Calculate the highest common factor of 406 and 168.
14
What is the highest common divisor of 29 and 10411?
29
Calculate the greatest common factor of 63 and 63.
63
Calculate the highest common divisor of 60 and 30.
30
What is the highest common divisor of 15 and 39?
3
What is the highest common divisor of 705 and 15933?
141
Calculate the greatest common factor of 187 and 803.
11
Calculate the greatest common divisor of 100 and 225.
25
What is the greatest common divisor of 1225 and 75?
25
What is the greatest common factor of 36 and 28?
4
What is the highest common factor of 315 and 7605?
45
Calculate the greatest common factor of 12 and 124.
4
Calculate the highest common divisor of 48 and 2052.
12
Calculate the highest common divisor of 7423 and 143.
13
What is the highest common divisor of 235 and 752?
47
What is the greatest common factor of 27 and 972?
27
Calculate the highest common factor of 285 and 209.
19
Calculate the greatest common factor of 60 and 4155.
15
Calculate the highest common divisor of 42 and 777.
21
Calculate the highest common divisor of 272 and 986.
34
Calculate the greatest common factor of 73 and 949.
73
Calculate the greatest common divisor of 912 and 5244.
228
What is the greatest common factor of 847 and 363?
121
What is the greatest common divisor of 17 and 1139?
17
What is the highest common divisor of 976 and 7442?
122
What is the highest common divisor of 25 and 265?
5
What is the greatest common divisor of 384 and 432?
48
Calculate the greatest common divisor of 55 and 88.
11
Calculate the highest common divisor of 33 and 57.
3
Calc